et u(y) = -325*y**2 + 825*y - 4. Determine u(3).
-454
Let d(k) = -19*k**2 + 10545*k + 31636. Calculate d(-3).
-170
Let k(n) = n**2 - 9464*n + 694883. Calculate k(74).
23
Let o(p) = -4*p**3 + 13*p**2 + 803*p - 4797. What is o(6)?
-375
Let n(d) = -91*d**2 + 810*d + 2138. Calculate n(11).
37
Let x(w) = -82*w**3 + 35*w**2 + 64*w - 36. Give x(-3).
2301
Let k(p) = -8*p**2 - 5960*p - 17868. What is k(-3)?
-60
Let d(i) = -15038*i - 75197. Give d(-5).
-7
Let r(k) = 8*k**2 + 370*k + 420. Give r(-26).
-3792
Let y(c) = -c**3 - 40*c**2 + 242*c + 887. Determine y(-45).
122
Let p(a) = 334*a - 4455. What is p(8)?
-1783
Let m(c) = 8*c**3 - 43*c**2 + 478*c - 3044. What is m(6)?
4
Let a(w) = 9*w**3 + 73*w**2 - 224*w - 1883. Determine a(-8).
-27
Let z(y) = 92000*y + 17939999. Calculate z(-195).
-1
Let w(i) = -i**2 + 1506*i - 48606. Calculate w(33).
3
Let m(z) = -150330*z + 2705959. Give m(18).
19
Let s(m) = 9*m**2 - 3300*m - 11035. Determine s(370).
65
Let q(f) = -19*f**3 - 163*f**2 - 285*f + 62. Give q(-6).
8
Let c(s) = s**3 - 27*s**2 - 14*s + 1022. Calculate c(26).
-18
Let o(v) = 6*v**2 - 199*v - 188. Calculate o(32).
-412
Let c(y) = -y**3 - 200*y**2 - 1072*y - 255834. Give c(-201).
39
Let z(g) = 221*g + 100166. Give z(-453).
53
Let l(u) = 12077*u + 11978. Give l(-1).
-99
Let r(g) = 12*g**3 - 210*g**2 - 142*g + 619. Give r(18).
7
Let k(d) = -659*d + 7198. Give k(12).
-710
Let h(k) = -2*k**3 + 57*k**2 - 190*k + 4659. Give h(28).
123
Let i(r) = -r**3 - 9*r**2 + 175396*r + 1753886. Determine i(-10).
26
Let b(k) = k**3 + 47*k**2 - 581*k - 629. Give b(-57).
-2
Let f(b) = -325*b + 22438. Calculate f(69).
13
Let p(w) = 2559*w + 721633. Give p(-282).
-5
Let h(o) = -133*o**2 + 320*o - 18. What is h(2)?
90
Let b(i) = -157*i**2 - 2480*i + 12411. Give b(4).
-21
Let l(g) = -2*g**3 + 698*g**2 + 7223*g + 15. What is l(-10)?
-415
Let r(p) = p**3 - 44*p**2 + 390*p - 1733. Calculate r(33).
-842
Let l(c) = 8*c**2 + 106*c + 6. Give l(-4).
-290
Let o(b) = 1815*b - 16435. What is o(9)?
-100
Let t(i) = -2*i**2 - 108128*i - 3026020. Determine t(-28).
-4
Let r(m) = -956*m - 4331. Give r(-4).
-507
Let h(x) = -16964*x + 237260. Determine h(14).
-236
Let m(i) = 2968433*i - 14842169. Calculate m(5).
-4
Let g(c) = -29*c - 3148. What is g(-50)?
-1698
Let n(q) = -2535*q + 311799. Determine n(123).
-6
Let j(k) = -k**3 + 337*k**2 - 21915*k - 582. What is j(249)?
-1329
Let b(p) = -6154*p - 978477. What is b(-159)?
9
Let t(k) = k**3 - 1376*k**2 - 4*k - 297. Calculate t(0).
-297
Let q(n) = -6*n**3 - 41*n**2 - 60*n - 21. What is q(-6)?
159
Let b(q) = 11616*q + 185898. What is b(-16)?
42
Let m(x) = 244226*x - 24422613. Give m(100).
-13
Let a(x) = -2*x**2 - 82*x - 535. What is a(-16)?
265
Let o(j) = 6954*j - 11. What is o(0)?
-11
Let u(m) = m**3 - 183*m**2 - 360*m - 14. What is u(-2)?
-34
Let g(s) = -s**3 + 24*s**2 + 545*s - 10707. Determine g(16).
61
Let f(j) = 2165*j - 314. Determine f(1).
1851
Let v(w) = 2*w**3 - 46*w**2 + 2*w + 1192. Give v(22).
268
Let p(f) = 16*f**3 - 401*f**2 - 278*f + 7571. Determine p(25).
-4
Let w(g) = 7*g**3 - 21*g + 50. Calculate w(2).
64
Let i(k) = k**3 + 71*k**2 + 275*k + 29. Calculate i(-4).
1
Let v(d) = 7970*d - 63764. What is v(8)?
-4
Let g(p) = -p**3 + 242*p**2 + 237*p - 57363. Determine g(242).
-9
Let b(l) = 7625*l - 121942. Determine b(16).
58
Let d(p) = -2*p**2 - 267*p + 8315. Calculate d(26).
21
Let p(z) = -z**3 - 582*z**2 - 12877*z - 11225. Calculate p(-559).
-45
Let v(u) = 1178*u + 117798. What is v(-100)?
-2
Let c(o) = -1146*o - 668133. What is c(-583)?
-15
Let c(i) = i**3 + 54*i**2 - 60*i + 294. Calculate c(0).
294
Let h(q) = 62*q**3 - 11*q**2 - 81*q - 290. What is h(-4)?
-4110
Let n(k) = 36462*k - 401086. Determine n(11).
-4
Let d(w) = 1597*w - 44562. What is d(28)?
154
Let o(f) = f**2 - 3613*f + 25305. Determine o(7).
63
Let u(c) = 249*c**2 + 80*c + 87. Determine u(-1).
256
Let g(u) = 1190*u - 18864. Give g(16).
176
Let r(h) = -3689*h**2 + 18443*h + 21. Give r(5).
11
Let w(r) = r**3 - 10*r**2 - 59*r - 459. What is w(-9)?
-1467
Let r(a) = a**3 + 37*a**2 + 178*a + 213. Determine r(-3).
-15
Let c(t) = 8*t**3 - 197*t**2 + 1105*t - 348. Determine c(8).
-20
Let x(g) = -349*g**3 + 11*g**2 + 9*g + 2. What is x(-1)?
353
Let t(a) = -139*a - 1389. Give t(-12).
279
Let m(b) = -b**3 - 641*b**2 + 2536*b - 28382. What is m(-645)?
-2
Let h(i) = -136*i - 518. What is h(-21)?
2338
Let h(q) = 7967*q - 382420. Calculate h(48).
-4
Let q(s) = 155*s + 38419. Give q(-247).
134
Let a(y) = -y**3 + 9*y**2 + 15*y + 536. Calculate a(13).
55
Let p(d) = d**2 + 1438*d - 4320. Determine p(3).
3
Let a(r) = -8653*r + 60607. Give a(7).
36
Let f(s) = 23716*s + 23817. Give f(-1).
101
Let l(i) = 38507*i + 1925409. Determine l(-50).
59
Let i(t) = t**3 + 3*t**2 - 156*t - 852. Determine i(-6).
-24
Let j(v) = 25*v**3 + 60*v**2 + 237*v + 8. What is j(-7)?
-7286
Let k(a) = 2*a**2 - 127*a + 295. Determine k(59).
-236
Let s(i) = 2*i**3 + 2*i**2 - 319*i + 665. Calculate s(11).
60
Let o(k) = k**3 - 8*k**2 - 323*k + 646. What is o(-18)?
-1964
Let g(p) = 153*p - 3886. What is g(21)?
-673
Let f(l) = -150590*l + 5873023. Give f(39).
13
Let p(l) = 204*l - 22250. Calculate p(109).
-14
Let j(x) = -x**3 - 175*x**2 + 530*x - 429. What is j(-178)?
283
Let w(r) = r**3 - 3*r**2 - 28*r - 5215. What is w(19)?
29
Let w(k) = -4*k**3 + 3*k**2 + 754*k - 1484. Give w(2).
4
Let j(i) = 5*i**3 + 35*i**2 - 17*i - 90. Calculate j(-6).
192
Let d(b) = b**2 - 14331*b + 571648. What is d(40)?
8
Let b(s) = -s**3 + 86*s**2 - 1683*s - 707. Calculate b(31).
-25
Let j(m) = m**2 + 462*m + 667. What is j(0)?
667
Let t(n) = -5174*n - 10386. Calculate t(-2).
-38
Let s(v) = -2863*v - 31271. What is s(-10)?
-2641
Let y(a) = -425*a + 11878. What is y(28)?
-22
Let s(r) = -691*r - 64938. What is s(-94)?
16
Let n(u) = 6723*u + 100846. What is n(-15)?
1
Let a(c) = c**2 - 46*c + 167. Give a(58).
863
Let c(u) = 364*u - 5085. What is c(10)?
-1445
Let i(g) = 8496*g + 33979. What is i(-4)?
-5
Let p(a) = -162*a**2 - 155*a - 316. Calculate p(-2).
-654
Let o(b) = -62*b**3 + 686*b**2 - 18*b - 80. Determine o(11).
206
Let x(o) = -109*o**2 - 36*o + 108. Calculate x(3).
-981
Let t(s) = 72*s**2 - 37757*s - 136758. Calculate t(528).
-6
Let h(i) = 305*i - 21765. What is h(71)?
-110
Let w(g) = -2*g**2 - 186*g + 16551. Determine w(66).
-4437
Let o(q) = 153*q**2 + 329*q + 327. What is o(-1)?
151
Let k(r) = 3*r**3 - 497*r**2 - 162*r - 442. Give k(166).
222
Let a(r) = -322*r + 46595. Give a(145).
-95
Let i(l) = l**2 + 153*l + 4617. Calculate i(-41).
25
Let f(b) = -1639*b + 55733. Give f(34).
7
Let u(c) = -c**3 - 32*c**2 + c - 2850. Give u(-35).
790
Let b(n) = -9*n**2 - 54*n + 342. Calculate b(-10).
-18
Let u(h) = 5401*h - 6842969. Calculate u(1267).
98
Let j(n) = -n**3 - 41*n**2 - 255*n - 330. What is j(-34)?
248
Let u(f) = -f**2 - 5030*f - 1140499. What is u(-238)?
-3
Let z(l) = -l**3 + 114*l**2 - 2311*l - 21748. Determine z(83).
-2
Let z(q) = q**2 - 3748*q + 553478. What is z(154)?
2
Let d(l) = -1150*l**2 - 10343*l + 4. Give d(-9).
-59
Let m(n) = -n**3 - 80*n**2 + 127*n + 9802. Give m(-80).
-358
Let k(w) = -w**3 - 26*w**2 - 161*w - 39. What is k(-9)?
33
Let m(n) = n**2 - 770151*n - 3080615. Determine m(-4).
5
Let t(o) = 27*o**2 + 372*o - 44. What is t(-14)?
40
Let w(d) = -d**3 + 1904*d**2 - 63578*d - 64. Calculate w(34).
4
Let i(b) = 86*b**2 + 504*b - 72. What is i(-6)?
0
Let u(k) = -306*k + 77974. Determine u(255).
-56
Let j(l) = 3220*l - 12327. Determine j(4).
553
Let j(x) = 2*x**3 - 161*x**2 + 3161*x + 824. Determine j(35).
-16
Let b(s) = 4211*s - 16924. Determine b(4).
-80
Let h(x) = -x**2 + 113*x + 43249. Determine h(-159).
1
Let w(k) = -k**3 - 25*k**2 + 100*k + 479. Calculate w(-28).
31
Let p(m) = -1741*m**2 - 821750*m + 900. Calculate p(-472).
-44
Let p(i) = -i**3 - 141*i**2 + 2690*i - 105. Determine p(17).
-37
Let t(b) = 176*b**2 + 1624*b - 1633. Give t(1).
167
Let k(f) = 6*f**2 + 194*f + 818. Calculate k(-28).
90
Let b(d) = 5525*d**2 + 16577*d + 2. Determine b(-3).
-4
Let f(d) = -12*d**2 + 495*d - 201. Calculate f(41).
-78
Let y(p) = p**3 - 12*p**2 - 88*p + 1076. What is y(10)?
-4
Let a(i) = -i**2 - 143*i - 2024. What is a(-125)?
226
Let o(n) = -42*n - 1084. Determine o(-38).
512
Let k(a) = 1258*a + 63151. Determine k(-50).
251
Let j(y) = y**3 - 48*y*